{"id":44,"date":"2025-07-20T10:14:32","date_gmt":"2025-07-20T13:14:32","guid":{"rendered":"https:\/\/intersecciones.ifdcvm.edu.ar\/?page_id=44"},"modified":"2025-09-02T12:46:37","modified_gmt":"2025-09-02T15:46:37","slug":"contenido","status":"publish","type":"page","link":"https:\/\/intersecciones.ifdcvm.edu.ar\/?page_id=44","title":{"rendered":"\ud83d\udcd6Contenido"},"content":{"rendered":"\n<p style=\"margin-right:0;margin-left:0\">En este espacio, encontrar\u00e1 el \u00edndice de la <strong>Revista &#8220;Intersecciones&#8221;<\/strong> y los links para acceder a los art\u00edculos<\/p>\n\n\n\n<p><\/p>\n\n\n\n<hr class=\"wp-block-separator alignwide has-alpha-channel-opacity\"\/>\n\n\n\n<div class=\"wp-block-group is-nowrap is-layout-flex wp-container-core-group-is-layout-6c531013 wp-block-group-is-layout-flex\">\n<p class=\"has-large-font-size\">\ud83d\udcda<strong>\u00cdNDICE<\/strong><\/p>\n<\/div>\n\n\n\n<hr class=\"wp-block-separator has-text-color has-alpha-channel-opacity has-background is-style-wide\" style=\"background-color:#f9d536;color:#f9d536\"\/>\n\n\n\n<p class=\"has-text-align-left has-medium-font-size\">01. <strong>Arte y Lucha Obrera: Representaciones visuales del<br>movimiento obrero argentino (1886-2024)<\/strong><br>Pablo Esteban Muract &#8211; <a href=\"https:\/\/intersecciones.ifdcvm.edu.ar\/wp-content\/uploads\/2025\/08\/01.Arte-y-Lucha-Obrera.pdf\" data-type=\"link\" data-id=\"https:\/\/intersecciones.ifdcvm.edu.ar\/wp-content\/uploads\/2025\/08\/01.Arte-y-Lucha-Obrera.pdf\" target=\"_blank\" rel=\"noreferrer noopener\">Lea el art\u00edculo en formato PDF<\/a> \ud83d\udd3d<\/p>\n\n\n\n<p>02. <strong>Imagen y anacronismo: hacia la elaboraci\u00f3n de estrategias pedag\u00f3gico did\u00e1cticas para la ense\u00f1anza de la Historia del Arte en el Nivel Superior desde una mirada transdisciplinar<\/strong><br>Laura Comatelli, Andr\u00e9s Gonz\u00e1lez y Yanina Tornello &#8211; <a href=\"https:\/\/intersecciones.ifdcvm.edu.ar\/wp-content\/uploads\/2025\/08\/02.Imagen-y-anacronismo.pdf\" data-type=\"link\" data-id=\"https:\/\/intersecciones.ifdcvm.edu.ar\/wp-content\/uploads\/2025\/08\/02.Imagen-y-anacronismo.pdf\" target=\"_blank\" rel=\"noreferrer noopener\">Lea el art\u00edculo en formato PDF<\/a> \ud83d\udd3d<\/p>\n\n\n\n<p>03. <strong>Trazos de Pr\u00e1cticas Docentes Sentipensantes en<br>Alfabetizaci\u00f3n Comunitaria. Una experiencia de formaci\u00f3n<br>situada<\/strong><br>Carranza Cristina, Federico Agust\u00edn Guti\u00e9rrez y Gabriela Elizabeth P\u00e9rez &#8211; <a href=\"https:\/\/intersecciones.ifdcvm.edu.ar\/wp-content\/uploads\/2025\/08\/03.Trazos-de-Practicas-Docentes-Sentipensantes.pdf\" data-type=\"link\" data-id=\"https:\/\/intersecciones.ifdcvm.edu.ar\/wp-content\/uploads\/2025\/08\/03.Trazos-de-Practicas-Docentes-Sentipensantes.pdf\" target=\"_blank\" rel=\"noreferrer noopener\">Lea el art\u00edculo en formato PDF<\/a> \ud83d\udd3d<\/p>\n\n\n\n<p>04. <strong>Aportes del enfoque cognitivo para la ense\u00f1anza de la<br>poes\u00eda a partir de registros de lectura realizados en el IFDCVM<\/strong><br>Evangelina Vera Moreno y Pablo Dema &#8211; <a href=\"https:\/\/intersecciones.ifdcvm.edu.ar\/wp-content\/uploads\/2025\/08\/04.Aportes-del-enfoque-cognitivo.pdf\" data-type=\"link\" data-id=\"https:\/\/intersecciones.ifdcvm.edu.ar\/wp-content\/uploads\/2025\/08\/04.Aportes-del-enfoque-cognitivo.pdf\" target=\"_blank\" rel=\"noreferrer noopener\">Lea el art\u00edculo en formato PDF<\/a> \ud83d\udd3d<\/p>\n\n\n\n<p>05. <strong>Dimensiones de la Pr\u00e1ctica Docente: Categor\u00edas de an\u00e1lisis<\/strong><br>Pamela Krug Aranguiz, Ailen Villarreal, Marcela Godoy y M\u00f3nica Doris Molina &#8211; <a href=\"https:\/\/intersecciones.ifdcvm.edu.ar\/wp-content\/uploads\/2025\/08\/05.Dimensiones-de-la-Practica-Docente.pdf\" data-type=\"link\" data-id=\"https:\/\/intersecciones.ifdcvm.edu.ar\/wp-content\/uploads\/2025\/08\/05.Dimensiones-de-la-Practica-Docente.pdf\" target=\"_blank\" rel=\"noreferrer noopener\">Lea el art\u00edculo en formato PDF<\/a> \ud83d\udd3d<\/p>\n\n\n\n<p>06. <strong>\u00bfC\u00f3mo &#8220;cocinar&#8221; docentes de m\u00fasica en cuatro a\u00f1os?<\/strong> Mar\u00eda Virginia Gonz\u00e1lez &#8211; <a href=\"https:\/\/intersecciones.ifdcvm.edu.ar\/wp-content\/uploads\/2025\/08\/06.\u00bfComo-cocinar-un_a-docente-de-musica.pdf\" data-type=\"link\" data-id=\"https:\/\/intersecciones.ifdcvm.edu.ar\/wp-content\/uploads\/2025\/08\/06.\u00bfComo-cocinar-un_a-docente-de-musica.pdf\" target=\"_blank\" rel=\"noreferrer noopener\">Lea el art\u00edculo en formato PDF<\/a> \ud83d\udd3d<\/p>\n\n\n\n<p>07. <strong>Tecnopo\u00e9ticas en la formaci\u00f3n docente: arte, educaci\u00f3n y tecnolog\u00eda en la era posdigital<\/strong><br>Andr\u00e9s Gonzales &#8211; <a href=\"https:\/\/intersecciones.ifdcvm.edu.ar\/wp-content\/uploads\/2025\/08\/07.Tecnopoeticas-en-la-formacion-docente.pdf\" target=\"_blank\" rel=\"noreferrer noopener\">Lea el art\u00edculo en formato PDF<\/a> \ud83d\udd3d<\/p>\n\n\n\n<p>08.<strong> La Voz, un instrumento sin repuesto. Reflexiones y aportes para una salud vocal docente posible<\/strong><br>Pastor Alicia Alejandra, Noro\u00f1a Juan Ignacio &#8211; <a href=\"https:\/\/intersecciones.ifdcvm.edu.ar\/wp-content\/uploads\/2025\/08\/08.-La-Voz-un-instrumento-sin-repuesto.pdf\" data-type=\"link\" data-id=\"https:\/\/intersecciones.ifdcvm.edu.ar\/wp-content\/uploads\/2025\/08\/08.-La-Voz-un-instrumento-sin-repuesto.pdf\" target=\"_blank\" rel=\"noreferrer noopener\">Lea el art\u00edculo en formato PDF<\/a> \ud83d\udd3d<\/p>\n\n\n\n<hr class=\"wp-block-separator has-alpha-channel-opacity is-style-wide\" style=\"margin-top:var(--wp--preset--spacing--20);margin-bottom:var(--wp--preset--spacing--20)\"\/>\n\n\n\n<p>\ud83d\udcd5<a href=\"https:\/\/intersecciones.ifdcvm.edu.ar\/wp-content\/uploads\/2025\/09\/Revista_Intersecciones_ISSN_3072-8371.pdf\" data-type=\"link\" data-id=\"https:\/\/intersecciones.ifdcvm.edu.ar\/wp-content\/uploads\/2025\/09\/Revista_Intersecciones_ISSN_3072-8371.pdf\" target=\"_blank\" rel=\"noreferrer noopener\">Descargue la revista completa en versi\u00f3n digital ingresando aqu\u00ed<\/a>.<\/p>\n\n\n\n<p>Caracter\u00edsticas del archivo: Formato PDF.<\/p>\n\n\n\n<p>Cantidad de p\u00e1ginas: 158 p\u00e1ginas.<\/p>\n\n\n\n<p class=\"has-small-font-size\"><em>SHA-256 hash:  3f5c47979ea3651c8d5687915517edd2f053088dc1d1cba4f572f3b0af7040d3<\/em><\/p>\n\n\n\n<p><\/p>\n\n\n\n<p><\/p>\n\n\n\n<p><\/p>\n","protected":false},"excerpt":{"rendered":"<p>En este espacio, encontrar\u00e1 el \u00edndice de la Revista &#8220;Intersecciones&#8221; y los links para acceder a los art\u00edculos \ud83d\udcda\u00cdNDICE 01. Arte y Lucha Obrera: Representaciones visuales delmovimiento obrero argentino (1886-2024)Pablo Esteban Muract &#8211; Lea el art\u00edculo en formato PDF \ud83d\udd3d 02. Imagen y anacronismo: hacia la elaboraci\u00f3n de estrategias pedag\u00f3gico did\u00e1cticas para la ense\u00f1anza de [&hellip;]<\/p>\n","protected":false},"author":1,"featured_media":0,"parent":0,"menu_order":0,"comment_status":"closed","ping_status":"closed","template":"","meta":{"footnotes":""},"class_list":["post-44","page","type-page","status-publish","hentry"],"_links":{"self":[{"href":"https:\/\/intersecciones.ifdcvm.edu.ar\/index.php?rest_route=\/wp\/v2\/pages\/44","targetHints":{"allow":["GET"]}}],"collection":[{"href":"https:\/\/intersecciones.ifdcvm.edu.ar\/index.php?rest_route=\/wp\/v2\/pages"}],"about":[{"href":"https:\/\/intersecciones.ifdcvm.edu.ar\/index.php?rest_route=\/wp\/v2\/types\/page"}],"author":[{"embeddable":true,"href":"https:\/\/intersecciones.ifdcvm.edu.ar\/index.php?rest_route=\/wp\/v2\/users\/1"}],"replies":[{"embeddable":true,"href":"https:\/\/intersecciones.ifdcvm.edu.ar\/index.php?rest_route=%2Fwp%2Fv2%2Fcomments&post=44"}],"version-history":[{"count":30,"href":"https:\/\/intersecciones.ifdcvm.edu.ar\/index.php?rest_route=\/wp\/v2\/pages\/44\/revisions"}],"predecessor-version":[{"id":201,"href":"https:\/\/intersecciones.ifdcvm.edu.ar\/index.php?rest_route=\/wp\/v2\/pages\/44\/revisions\/201"}],"wp:attachment":[{"href":"https:\/\/intersecciones.ifdcvm.edu.ar\/index.php?rest_route=%2Fwp%2Fv2%2Fmedia&parent=44"}],"curies":[{"name":"wp","href":"https:\/\/api.w.org\/{rel}","templated":true}]}}

<p style="margin-right:0;margin-left:0">En este espacio, encontrará el índice de la <strong>Revista &#8220;Intersecciones&#8221;</strong> y los links para acceder a los artículos</p>



<p></p>



<hr class="wp-block-separator alignwide has-alpha-channel-opacity"/>



<div class="wp-block-group is-nowrap is-layout-flex wp-container-core-group-is-layout-6c531013 wp-block-group-is-layout-flex">
<p class="has-large-font-size">📚<strong>ÍNDICE</strong></p>
</div>



<hr class="wp-block-separator has-text-color has-alpha-channel-opacity has-background is-style-wide" style="background-color:#f9d536;color:#f9d536"/>



<p class="has-text-align-left has-medium-font-size">01. <strong>Arte y Lucha Obrera: Representaciones visuales del<br>movimiento obrero argentino (1886-2024)</strong><br>Pablo Esteban Muract &#8211; <a href="https://intersecciones.ifdcvm.edu.ar/wp-content/uploads/2025/08/01.Arte-y-Lucha-Obrera.pdf" data-type="link" data-id="https://intersecciones.ifdcvm.edu.ar/wp-content/uploads/2025/08/01.Arte-y-Lucha-Obrera.pdf" target="_blank" rel="noreferrer noopener">Lea el artículo en formato PDF</a> 🔽</p>



<p>02. <strong>Imagen y anacronismo: hacia la elaboración de estrategias pedagógico didácticas para la enseñanza de la Historia del Arte en el Nivel Superior desde una mirada transdisciplinar</strong><br>Laura Comatelli, Andrés González y Yanina Tornello &#8211; <a href="https://intersecciones.ifdcvm.edu.ar/wp-content/uploads/2025/08/02.Imagen-y-anacronismo.pdf" data-type="link" data-id="https://intersecciones.ifdcvm.edu.ar/wp-content/uploads/2025/08/02.Imagen-y-anacronismo.pdf" target="_blank" rel="noreferrer noopener">Lea el artículo en formato PDF</a> 🔽</p>



<p>03. <strong>Trazos de Prácticas Docentes Sentipensantes en<br>Alfabetización Comunitaria. Una experiencia de formación<br>situada</strong><br>Carranza Cristina, Federico Agustín Gutiérrez y Gabriela Elizabeth Pérez &#8211; <a href="https://intersecciones.ifdcvm.edu.ar/wp-content/uploads/2025/08/03.Trazos-de-Practicas-Docentes-Sentipensantes.pdf" data-type="link" data-id="https://intersecciones.ifdcvm.edu.ar/wp-content/uploads/2025/08/03.Trazos-de-Practicas-Docentes-Sentipensantes.pdf" target="_blank" rel="noreferrer noopener">Lea el artículo en formato PDF</a> 🔽</p>



<p>04. <strong>Aportes del enfoque cognitivo para la enseñanza de la<br>poesía a partir de registros de lectura realizados en el IFDCVM</strong><br>Evangelina Vera Moreno y Pablo Dema &#8211; <a href="https://intersecciones.ifdcvm.edu.ar/wp-content/uploads/2025/08/04.Aportes-del-enfoque-cognitivo.pdf" data-type="link" data-id="https://intersecciones.ifdcvm.edu.ar/wp-content/uploads/2025/08/04.Aportes-del-enfoque-cognitivo.pdf" target="_blank" rel="noreferrer noopener">Lea el artículo en formato PDF</a> 🔽</p>



<p>05. <strong>Dimensiones de la Práctica Docente: Categorías de análisis</strong><br>Pamela Krug Aranguiz, Ailen Villarreal, Marcela Godoy y Mónica Doris Molina &#8211; <a href="https://intersecciones.ifdcvm.edu.ar/wp-content/uploads/2025/08/05.Dimensiones-de-la-Practica-Docente.pdf" data-type="link" data-id="https://intersecciones.ifdcvm.edu.ar/wp-content/uploads/2025/08/05.Dimensiones-de-la-Practica-Docente.pdf" target="_blank" rel="noreferrer noopener">Lea el artículo en formato PDF</a> 🔽</p>



<p>06. <strong>¿Cómo &#8220;cocinar&#8221; docentes de música en cuatro años?</strong> María Virginia González &#8211; <a href="https://intersecciones.ifdcvm.edu.ar/wp-content/uploads/2025/08/06.¿Como-cocinar-un_a-docente-de-musica.pdf" data-type="link" data-id="https://intersecciones.ifdcvm.edu.ar/wp-content/uploads/2025/08/06.¿Como-cocinar-un_a-docente-de-musica.pdf" target="_blank" rel="noreferrer noopener">Lea el artículo en formato PDF</a> 🔽</p>



<p>07. <strong>Tecnopoéticas en la formación docente: arte, educación y tecnología en la era posdigital</strong><br>Andrés Gonzales &#8211; <a href="https://intersecciones.ifdcvm.edu.ar/wp-content/uploads/2025/08/07.Tecnopoeticas-en-la-formacion-docente.pdf" target="_blank" rel="noreferrer noopener">Lea el artículo en formato PDF</a> 🔽</p>



<p>08.<strong> La Voz, un instrumento sin repuesto. Reflexiones y aportes para una salud vocal docente posible</strong><br>Pastor Alicia Alejandra, Noroña Juan Ignacio &#8211; <a href="https://intersecciones.ifdcvm.edu.ar/wp-content/uploads/2025/08/08.-La-Voz-un-instrumento-sin-repuesto.pdf" data-type="link" data-id="https://intersecciones.ifdcvm.edu.ar/wp-content/uploads/2025/08/08.-La-Voz-un-instrumento-sin-repuesto.pdf" target="_blank" rel="noreferrer noopener">Lea el artículo en formato PDF</a> 🔽</p>



<hr class="wp-block-separator has-alpha-channel-opacity is-style-wide" style="margin-top:var(--wp--preset--spacing--20);margin-bottom:var(--wp--preset--spacing--20)"/>



<p>📕<a href="https://intersecciones.ifdcvm.edu.ar/wp-content/uploads/2025/09/Revista_Intersecciones_ISSN_3072-8371.pdf" data-type="link" data-id="https://intersecciones.ifdcvm.edu.ar/wp-content/uploads/2025/09/Revista_Intersecciones_ISSN_3072-8371.pdf" target="_blank" rel="noreferrer noopener">Descargue la revista completa en versión digital ingresando aquí</a>.</p>



<p>Características del archivo: Formato PDF.</p>



<p>Cantidad de páginas: 158 páginas.</p>



<p class="has-small-font-size"><em>SHA-256 hash:  3f5c47979ea3651c8d5687915517edd2f053088dc1d1cba4f572f3b0af7040d3</em></p>



<p></p>



<p></p>



<p></p>

<p>En este espacio, encontrará el índice de la Revista &#8220;Intersecciones&#8221; y los links para acceder a los artículos 📚ÍNDICE 01. Arte y Lucha Obrera: Representaciones visuales delmovimiento obrero argentino (1886-2024)Pablo Esteban Muract &#8211; Lea el artículo en formato PDF 🔽 02. Imagen y anacronismo: hacia la elaboración de estrategias pedagógico didácticas para la enseñanza de [&hellip;]</p>
